{"id":7187,"date":"2020-12-19T09:52:25","date_gmt":"2020-12-19T09:52:25","guid":{"rendered":"http:\/\/alpertaskaldiran.com\/?page_id=7187"},"modified":"2021-02-02T19:29:44","modified_gmt":"2021-02-02T19:29:44","slug":"tam-seramik-kaplama","status":"publish","type":"page","link":"https:\/\/alpertaskaldiran.com\/en\/tam-seramik-kaplama\/","title":{"rendered":"All-Ceramic Dental Coating"},"content":{"rendered":"<p><img loading=\"lazy\" class=\"size-medium wp-image-7286 alignleft\" src=\"http:\/\/alpertaskaldiran.com\/wp-content\/uploads\/2021\/02\/tam-seramik-kaplamalar-300x190.jpg\" alt=\"\" width=\"300\" height=\"190\" srcset=\"https:\/\/alpertaskaldiran.com\/wp-content\/uploads\/2021\/02\/tam-seramik-kaplamalar-300x190.jpg 300w, https:\/\/alpertaskaldiran.com\/wp-content\/uploads\/2021\/02\/tam-seramik-kaplamalar-768x486.jpg 768w, https:\/\/alpertaskaldiran.com\/wp-content\/uploads\/2021\/02\/tam-seramik-kaplamalar-340x215.jpg 340w, https:\/\/alpertaskaldiran.com\/wp-content\/uploads\/2021\/02\/tam-seramik-kaplamalar-600x380.jpg 600w, https:\/\/alpertaskaldiran.com\/wp-content\/uploads\/2021\/02\/tam-seramik-kaplamalar-125x79.jpg 125w, https:\/\/alpertaskaldiran.com\/wp-content\/uploads\/2021\/02\/tam-seramik-kaplamalar.jpg 790w\" sizes=\"(max-width: 300px) 100vw, 300px\" \/>All-ceramic dental coatings, which have an important place in aesthetic dentistry treatments, are commonly used for dental health problems such as dental cracks, caries, interdental spaces and fractures. They do not contain metal and thus give results close to natural appearance due to their high light transmittance and they are functional since they attach to tooth both mechanically and chemically.<\/p>\r\n\r\n\r\n\r\n<p>All-ceramic dental coatings can be used for many reasons. Fractures in the root canal-treated front teeth, abrasion and discoloration of the teeth, fractures occurring especially in the front teeth, dental deformations experienced after trauma are the most commonly observed situations.<\/p>\r\n\r\n\r\n\r\n<p>All-ceramic coatings allow you to perform chewing function comfortably and effectively, and also improve the appearance of the teeth, thus you can express yourself better by feeling good not only physically but also mentally and improve the quality of your life after the procedure.\u00a0<\/p>\r\n\r\n\r\n\r\n<p>How are all-ceramic dental coatings applied?<\/p>\r\n\r\n\r\n\r\n<p>First of all, a general dental examination of the patient is performed and then the teeth are x-rayed. If the person has decayed teeth, these decays are cleaned before the all-ceramic dental coating procedure. Subsequently, the teeth are prepared for all-ceramic dental coating by filling the teeth.\u2028 All-ceramic dental coatings are custom-made since the coatings made must be fully compatible with the mouth in order to make sure that it is a good procedure.\u2028 For this reason, after the filling process, the teeth sizes are determined and custom-made coatings are prepared. At this stage, usually temporary crowns can be used. After the patient's experience with use, the problems are identified, if any, and the necessary arrangements are made in the actual coatings, and then the coatings are applied to the tooth or teeth.\u00a0<\/p>\r\n\r\n\r\n\r\n<p>All-ceramic dental coating treatment, which offers a long-lasting solution, is a comfortable and reliable treatment. After the application, the person can easily maintain his\/her social life.<\/p>","protected":false},"excerpt":{"rendered":"<p>Estetik di\u015f hekimli\u011fi tedavilerinde \u00f6nemli bir yer tutan, hem mekanik hem de kimyasal olarak di\u015fe yap\u0131\u015ft\u0131r\u0131ld\u0131\u011f\u0131 i\u00e7in gerek tutuculu\u011funun y\u00fcksek olmas\u0131yla fonksiyonel gerekse metal i\u00e7ermedi\u011fi i\u00e7in y\u00fcksek \u0131\u015f\u0131k ge\u00e7irgenli\u011fi sayesinde do\u011fal g\u00f6r\u00fcn\u00fcme yak\u0131n sonu\u00e7lar veren tam seramik di\u015f kaplamalar\u0131na; \u00e7atlama, \u00e7\u00fcr\u00fcme, di\u015f aras\u0131 bo\u015fluklar ve k\u0131r\u0131lma gibi di\u015f sa\u011fl\u0131\u011f\u0131 problemlerinde yayg\u0131n olarak ba\u015fvurmaktay\u0131z. Tam seramik di\u015f kaplamalar\u0131na bir\u00e7ok nedenden \u00f6t\u00fcr\u00fc ba\u015fvurulabilir. Kanal tedavili \u00f6n di\u015fte k\u0131r\u0131klar s\u00f6z konusuysa, di\u015flerde a\u015f\u0131nma ve renk de\u011fi\u015ftirme varsa, \u00f6zellikle \u00f6n di\u015flerde k\u0131r\u0131klar olu\u015ftuysa, travma sonras\u0131 ya\u015fanan di\u015f deformasyonlar\u0131 en s\u0131k kar\u015f\u0131la\u015ft\u0131\u011f\u0131m\u0131z durumlard\u0131r. Tam seramik kaplamalar \u00e7i\u011fneme fonksiyonunu rahat ve etkin \u015fekilde yerine getirmenizi sa\u011flamas\u0131n\u0131n yan\u0131 s\u0131ra g\u00f6r\u00fcnt\u00fc olarak da di\u015flerde bir iyile\u015fme sa\u011flad\u0131\u011f\u0131 i\u00e7in i\u015flem sonras\u0131 sadece fiziken de\u011fil ruhen de iyi hissederek kendinizi daha iyi ifade edebilir hayat kalitenizi y\u00fckseltebilirsiniz.\u00a0 Tam seramik di\u015f kaplamalar\u0131 nas\u0131l yap\u0131l\u0131r? \u00d6ncelikle hastan\u0131n genel bir di\u015f muayenesi yap\u0131l\u0131r ard\u0131ndan di\u015flerin r\u00f6ntgeni \u00e7ekilir. E\u011fer ki\u015fide \u00e7\u00fcr\u00fck di\u015fler varsa tam [&hellip;]<\/p>","protected":false},"author":1,"featured_media":0,"parent":0,"menu_order":0,"comment_status":"closed","ping_status":"closed","template":"","meta":[],"_links":{"self":[{"href":"https:\/\/alpertaskaldiran.com\/en\/wp-json\/wp\/v2\/pages\/7187"}],"collection":[{"href":"https:\/\/alpertaskaldiran.com\/en\/wp-json\/wp\/v2\/pages"}],"about":[{"href":"https:\/\/alpertaskaldiran.com\/en\/wp-json\/wp\/v2\/types\/page"}],"author":[{"embeddable":true,"href":"https:\/\/alpertaskaldiran.com\/en\/wp-json\/wp\/v2\/users\/1"}],"replies":[{"embeddable":true,"href":"https:\/\/alpertaskaldiran.com\/en\/wp-json\/wp\/v2\/comments?post=7187"}],"version-history":[{"count":2,"href":"https:\/\/alpertaskaldiran.com\/en\/wp-json\/wp\/v2\/pages\/7187\/revisions"}],"predecessor-version":[{"id":7287,"href":"https:\/\/alpertaskaldiran.com\/en\/wp-json\/wp\/v2\/pages\/7187\/revisions\/7287"}],"wp:attachment":[{"href":"https:\/\/alpertaskaldiran.com\/en\/wp-json\/wp\/v2\/media?parent=7187"}],"curies":[{"name":"wp","href":"https:\/\/api.w.org\/{rel}","templated":true}]}}

<p>Estetik diş hekimliği tedavilerinde önemli bir yer tutan, hem mekanik hem de kimyasal olarak dişe yapıştırıldığı için gerek tutuculuğunun yüksek olmasıyla fonksiyonel gerekse metal içermediği için yüksek ışık geçirgenliği sayesinde doğal görünüme yakın sonuçlar veren tam seramik diş kaplamalarına; çatlama, çürüme, diş arası boşluklar ve kırılma gibi diş sağlığı problemlerinde yaygın olarak başvurmaktayız. Tam seramik diş kaplamalarına birçok nedenden ötürü başvurulabilir. Kanal tedavili ön dişte kırıklar söz konusuysa, dişlerde aşınma ve renk değiştirme varsa, özellikle ön dişlerde kırıklar oluştuysa, travma sonrası yaşanan diş deformasyonları en sık karşılaştığımız durumlardır. Tam seramik kaplamalar çiğneme fonksiyonunu rahat ve etkin şekilde yerine getirmenizi sağlamasının yanı sıra görüntü olarak da dişlerde bir iyileşme sağladığı için işlem sonrası sadece fiziken değil ruhen de iyi hissederek kendinizi daha iyi ifade edebilir hayat kalitenizi yükseltebilirsiniz.  Tam seramik diş kaplamaları nasıl yapılır? Öncelikle hastanın genel bir diş muayenesi yapılır ardından dişlerin röntgeni çekilir. Eğer kişide çürük dişler varsa tam [&hellip;]</p>
